{"id":369,"date":"2013-02-28T10:21:48","date_gmt":"2013-02-28T09:21:48","guid":{"rendered":"http:\/\/www.bodhisattva-training.de\/WordPress\/?page_id=369"},"modified":"2026-03-26T07:47:48","modified_gmt":"2026-03-26T06:47:48","slug":"bodhisattva-edition","status":"publish","type":"page","link":"https:\/\/bodhisattva-training.de\/WordPress\/bodhisattva-edition\/","title":{"rendered":"Bodhisattva Edition"},"content":{"rendered":"<p>&nbsp;<\/p>\n<p style=\"padding-left: 80px;\"><img loading=\"lazy\" decoding=\"async\" class=\"wp-image-3097 alignleft\" src=\"http:\/\/www.bodhisattva-training.de\/WordPress\/wp-content\/uploads\/DSC_3-57.jpg\" alt=\"\" width=\"492\" height=\"250\" srcset=\"https:\/\/bodhisattva-training.de\/WordPress\/wp-content\/uploads\/DSC_3-57.jpg 2576w, https:\/\/bodhisattva-training.de\/WordPress\/wp-content\/uploads\/DSC_3-57-300x153.jpg 300w, https:\/\/bodhisattva-training.de\/WordPress\/wp-content\/uploads\/DSC_3-57-768x391.jpg 768w, https:\/\/bodhisattva-training.de\/WordPress\/wp-content\/uploads\/DSC_3-57-1024x521.jpg 1024w, https:\/\/bodhisattva-training.de\/WordPress\/wp-content\/uploads\/DSC_3-57-150x76.jpg 150w\" sizes=\"auto, (max-width: 492px) 100vw, 492px\" \/><\/p>\n<p>&nbsp;<\/p>\n<p>&nbsp;<\/p>\n<p>&nbsp;<\/p>\n<p>&nbsp;<\/p>\n<p>&nbsp;<\/p>\n<p>&nbsp;<\/p>\n<p>&nbsp;<\/p>\n<h3 style=\"text-align: left; padding-left: 80px;\">In der Bodhisattva Edition findest du<\/h3>\n<ul>\n<li style=\"list-style-type: none;\">\n<ul>\n<li style=\"list-style-type: none;\">\n<ul>\n<li style=\"text-align: left;\">\n<h4>Unterweisungen von Gend\u00fcn Rinpoche<\/h4>\n<\/li>\n<li style=\"text-align: left;\">\n<h4>und Studienmaterial zu folgenden Themen:<\/h4>\n<\/li>\n<\/ul>\n<\/li>\n<\/ul>\n<\/li>\n<\/ul>\n<h4 style=\"padding-left: 160px; text-align: left;\"><span style=\"color: #993300;\">Der kostbare Weg des Erwachens<\/span><\/h4>\n<h4 style=\"padding-left: 160px; text-align: left;\"><span style=\"color: #993300;\">Praxis auf die 35 Buddhas<\/span><\/h4>\n<h4 style=\"padding-left: 160px; text-align: left;\"><span style=\"color: #993300;\">Geistestraining &#8211; Lojong<\/span><\/h4>\n<h4 style=\"padding-left: 160px; text-align: left;\"><span style=\"color: #993300;\">Yidampraxis<\/span><\/h4>\n<h4 style=\"padding-left: 160px; text-align: left;\"><span style=\"color: #993300;\">Mahamudra Praxis<\/span><\/h4>\n<h4 style=\"padding-left: 160px; text-align: left;\"><span style=\"color: #993300;\">Ch\u00f6 Praxis<\/span><\/h4>\n<h4 style=\"text-align: left; padding-left: 80px;\"><span style=\"color: #000000;\">Du kannst dir alle Texte kostenlos herunterladen. <\/span><\/h4>\n<h4 style=\"text-align: left; padding-left: 80px;\"><span style=\"color: #000000;\">Au\u00dferdem wird das umfassende Material gr\u00f6\u00dftenteils in Buchform ver\u00f6ffentlicht.<\/span><span style=\"color: #000000;\">\u00a0<\/span><\/h4>\n<h4 style=\"text-align: left; padding-left: 80px;\"><span style=\"color: #000000;\">Alle weiteren Informationen findest du unterm Men\u00fcpunkt &#8218;Mahakaruna Verlag&#8216;.<\/span><\/h4>\n<p>&nbsp;<\/p>\n<p style=\"padding-left: 160px;\"><img loading=\"lazy\" decoding=\"async\" class=\"wp-image-2998 alignleft\" src=\"http:\/\/www.bodhisattva-training.de\/WordPress\/wp-content\/uploads\/bodhisattva-edition-logo-300x217.png\" alt=\"\" width=\"219\" height=\"159\" srcset=\"https:\/\/bodhisattva-training.de\/WordPress\/wp-content\/uploads\/bodhisattva-edition-logo-300x217.png 300w, https:\/\/bodhisattva-training.de\/WordPress\/wp-content\/uploads\/bodhisattva-edition-logo-768x556.png 768w, https:\/\/bodhisattva-training.de\/WordPress\/wp-content\/uploads\/bodhisattva-edition-logo-1024x741.png 1024w\" sizes=\"auto, (max-width: 219px) 100vw, 219px\" \/><\/p>\n","protected":false},"excerpt":{"rendered":"<p>&nbsp; &nbsp; &nbsp; &nbsp; &nbsp; &nbsp; &nbsp; &nbsp; In der Bodhisattva Edition findest du Unterweisungen von Gend\u00fcn Rinpoche und Studienmaterial zu folgenden Themen: Der kostbare Weg des Erwachens Praxis auf die 35 Buddhas Geistestraining &#8211; Lojong Yidampraxis Mahamudra Praxis Ch\u00f6 Praxis Du kannst dir alle Texte kostenlos herunterladen. Au\u00dferdem wird&#8230;<\/p>\n<p> <a class=\"continue-reading-link\" href=\"https:\/\/bodhisattva-training.de\/WordPress\/bodhisattva-edition\/\"><span>Continue reading<\/span><i class=\"crycon-right-dir\"><\/i><\/a> <\/p>\n","protected":false},"author":2,"featured_media":1576,"parent":0,"menu_order":3,"comment_status":"closed","ping_status":"closed","template":"","meta":{"footnotes":""},"class_list":["post-369","page","type-page","status-publish","has-post-thumbnail","hentry"],"yoast_head":"<!-- This site is optimized with the Yoast SEO plugin v27.4 - https:\/\/yoast.com\/product\/yoast-seo-wordpress\/ -->\n<title>Bodhisattva-Training<\/title>\n<meta name=\"description\" content=\"Diese Webseite ist dem Training eines Bodhisattva, dem Studium und der Praxis des traditionellen Buddhadharma, gewidmet.\" \/>\n<meta name=\"robots\" content=\"index, follow, max-snippet:-1, max-image-preview:large, max-video-preview:-1\" \/>\n<link rel=\"canonical\" href=\"https:\/\/bodhisattva-training.de\/WordPress\/bodhisattva-edition\/\" \/>\n<meta property=\"og:locale\" content=\"de_DE\" \/>\n<meta property=\"og:type\" content=\"article\" \/>\n<meta property=\"og:title\" content=\"Bodhisattva-Training\" \/>\n<meta property=\"og:description\" content=\"Diese Webseite ist dem Training eines Bodhisattva, dem Studium und der Praxis des traditionellen Buddhadharma, gewidmet.\" \/>\n<meta property=\"og:url\" content=\"https:\/\/bodhisattva-training.de\/WordPress\/bodhisattva-edition\/\" \/>\n<meta property=\"og:site_name\" content=\"Bodhisattva Training\" \/>\n<meta property=\"article:modified_time\" content=\"2026-03-26T06:47:48+00:00\" \/>\n<meta property=\"og:image\" content=\"https:\/\/bodhisattva-training.de\/WordPress\/wp-content\/uploads\/2013\/02\/DSC_3-572.jpg\" \/>\n\t<meta property=\"og:image:width\" content=\"2370\" \/>\n\t<meta property=\"og:image:height\" content=\"706\" \/>\n\t<meta property=\"og:image:type\" content=\"image\/jpeg\" \/>\n<meta name=\"twitter:card\" content=\"summary_large_image\" \/>\n<meta name=\"twitter:label1\" content=\"Gesch\u00e4tzte Lesezeit\" \/>\n\t<meta name=\"twitter:data1\" content=\"1\u00a0Minute\" \/>\n<script type=\"application\/ld+json\" class=\"yoast-schema-graph\">{\"@context\":\"https:\\\/\\\/schema.org\",\"@graph\":[{\"@type\":\"WebPage\",\"@id\":\"https:\\\/\\\/bodhisattva-training.de\\\/WordPress\\\/bodhisattva-edition\\\/\",\"url\":\"https:\\\/\\\/bodhisattva-training.de\\\/WordPress\\\/bodhisattva-edition\\\/\",\"name\":\"Bodhisattva-Training\",\"isPartOf\":{\"@id\":\"https:\\\/\\\/bodhisattva-training.de\\\/WordPress\\\/#website\"},\"primaryImageOfPage\":{\"@id\":\"https:\\\/\\\/bodhisattva-training.de\\\/WordPress\\\/bodhisattva-edition\\\/#primaryimage\"},\"image\":{\"@id\":\"https:\\\/\\\/bodhisattva-training.de\\\/WordPress\\\/bodhisattva-edition\\\/#primaryimage\"},\"thumbnailUrl\":\"https:\\\/\\\/bodhisattva-training.de\\\/WordPress\\\/wp-content\\\/uploads\\\/2013\\\/02\\\/DSC_3-572.jpg\",\"datePublished\":\"2013-02-28T09:21:48+00:00\",\"dateModified\":\"2026-03-26T06:47:48+00:00\",\"description\":\"Diese Webseite ist dem Training eines Bodhisattva, dem Studium und der Praxis des traditionellen Buddhadharma, gewidmet.\",\"breadcrumb\":{\"@id\":\"https:\\\/\\\/bodhisattva-training.de\\\/WordPress\\\/bodhisattva-edition\\\/#breadcrumb\"},\"inLanguage\":\"de\",\"potentialAction\":[{\"@type\":\"ReadAction\",\"target\":[\"https:\\\/\\\/bodhisattva-training.de\\\/WordPress\\\/bodhisattva-edition\\\/\"]}]},{\"@type\":\"ImageObject\",\"inLanguage\":\"de\",\"@id\":\"https:\\\/\\\/bodhisattva-training.de\\\/WordPress\\\/bodhisattva-edition\\\/#primaryimage\",\"url\":\"https:\\\/\\\/bodhisattva-training.de\\\/WordPress\\\/wp-content\\\/uploads\\\/2013\\\/02\\\/DSC_3-572.jpg\",\"contentUrl\":\"https:\\\/\\\/bodhisattva-training.de\\\/WordPress\\\/wp-content\\\/uploads\\\/2013\\\/02\\\/DSC_3-572.jpg\",\"width\":2370,\"height\":706},{\"@type\":\"BreadcrumbList\",\"@id\":\"https:\\\/\\\/bodhisattva-training.de\\\/WordPress\\\/bodhisattva-edition\\\/#breadcrumb\",\"itemListElement\":[{\"@type\":\"ListItem\",\"position\":1,\"name\":\"Startseite\",\"item\":\"https:\\\/\\\/bodhisattva-training.de\\\/WordPress\\\/\"},{\"@type\":\"ListItem\",\"position\":2,\"name\":\"Bodhisattva Edition\"}]},{\"@type\":\"WebSite\",\"@id\":\"https:\\\/\\\/bodhisattva-training.de\\\/WordPress\\\/#website\",\"url\":\"https:\\\/\\\/bodhisattva-training.de\\\/WordPress\\\/\",\"name\":\"Bodhisattva Training\",\"description\":\"           gro\u00dfes Mitgef\u00fchl und allumfassende Weisheit\",\"potentialAction\":[{\"@type\":\"SearchAction\",\"target\":{\"@type\":\"EntryPoint\",\"urlTemplate\":\"https:\\\/\\\/bodhisattva-training.de\\\/WordPress\\\/?s={search_term_string}\"},\"query-input\":{\"@type\":\"PropertyValueSpecification\",\"valueRequired\":true,\"valueName\":\"search_term_string\"}}],\"inLanguage\":\"de\"}]}<\/script>\n<!-- \/ Yoast SEO plugin. -->","yoast_head_json":{"title":"Bodhisattva-Training","description":"Diese Webseite ist dem Training eines Bodhisattva, dem Studium und der Praxis des traditionellen Buddhadharma, gewidmet.","robots":{"index":"index","follow":"follow","max-snippet":"max-snippet:-1","max-image-preview":"max-image-preview:large","max-video-preview":"max-video-preview:-1"},"canonical":"https:\/\/bodhisattva-training.de\/WordPress\/bodhisattva-edition\/","og_locale":"de_DE","og_type":"article","og_title":"Bodhisattva-Training","og_description":"Diese Webseite ist dem Training eines Bodhisattva, dem Studium und der Praxis des traditionellen Buddhadharma, gewidmet.","og_url":"https:\/\/bodhisattva-training.de\/WordPress\/bodhisattva-edition\/","og_site_name":"Bodhisattva Training","article_modified_time":"2026-03-26T06:47:48+00:00","og_image":[{"width":2370,"height":706,"url":"https:\/\/bodhisattva-training.de\/WordPress\/wp-content\/uploads\/2013\/02\/DSC_3-572.jpg","type":"image\/jpeg"}],"twitter_card":"summary_large_image","twitter_misc":{"Gesch\u00e4tzte Lesezeit":"1\u00a0Minute"},"schema":{"@context":"https:\/\/schema.org","@graph":[{"@type":"WebPage","@id":"https:\/\/bodhisattva-training.de\/WordPress\/bodhisattva-edition\/","url":"https:\/\/bodhisattva-training.de\/WordPress\/bodhisattva-edition\/","name":"Bodhisattva-Training","isPartOf":{"@id":"https:\/\/bodhisattva-training.de\/WordPress\/#website"},"primaryImageOfPage":{"@id":"https:\/\/bodhisattva-training.de\/WordPress\/bodhisattva-edition\/#primaryimage"},"image":{"@id":"https:\/\/bodhisattva-training.de\/WordPress\/bodhisattva-edition\/#primaryimage"},"thumbnailUrl":"https:\/\/bodhisattva-training.de\/WordPress\/wp-content\/uploads\/2013\/02\/DSC_3-572.jpg","datePublished":"2013-02-28T09:21:48+00:00","dateModified":"2026-03-26T06:47:48+00:00","description":"Diese Webseite ist dem Training eines Bodhisattva, dem Studium und der Praxis des traditionellen Buddhadharma, gewidmet.","breadcrumb":{"@id":"https:\/\/bodhisattva-training.de\/WordPress\/bodhisattva-edition\/#breadcrumb"},"inLanguage":"de","potentialAction":[{"@type":"ReadAction","target":["https:\/\/bodhisattva-training.de\/WordPress\/bodhisattva-edition\/"]}]},{"@type":"ImageObject","inLanguage":"de","@id":"https:\/\/bodhisattva-training.de\/WordPress\/bodhisattva-edition\/#primaryimage","url":"https:\/\/bodhisattva-training.de\/WordPress\/wp-content\/uploads\/2013\/02\/DSC_3-572.jpg","contentUrl":"https:\/\/bodhisattva-training.de\/WordPress\/wp-content\/uploads\/2013\/02\/DSC_3-572.jpg","width":2370,"height":706},{"@type":"BreadcrumbList","@id":"https:\/\/bodhisattva-training.de\/WordPress\/bodhisattva-edition\/#breadcrumb","itemListElement":[{"@type":"ListItem","position":1,"name":"Startseite","item":"https:\/\/bodhisattva-training.de\/WordPress\/"},{"@type":"ListItem","position":2,"name":"Bodhisattva Edition"}]},{"@type":"WebSite","@id":"https:\/\/bodhisattva-training.de\/WordPress\/#website","url":"https:\/\/bodhisattva-training.de\/WordPress\/","name":"Bodhisattva Training","description":"           gro\u00dfes Mitgef\u00fchl und allumfassende Weisheit","potentialAction":[{"@type":"SearchAction","target":{"@type":"EntryPoint","urlTemplate":"https:\/\/bodhisattva-training.de\/WordPress\/?s={search_term_string}"},"query-input":{"@type":"PropertyValueSpecification","valueRequired":true,"valueName":"search_term_string"}}],"inLanguage":"de"}]}},"_links":{"self":[{"href":"https:\/\/bodhisattva-training.de\/WordPress\/wp-json\/wp\/v2\/pages\/369","targetHints":{"allow":["GET"]}}],"collection":[{"href":"https:\/\/bodhisattva-training.de\/WordPress\/wp-json\/wp\/v2\/pages"}],"about":[{"href":"https:\/\/bodhisattva-training.de\/WordPress\/wp-json\/wp\/v2\/types\/page"}],"author":[{"embeddable":true,"href":"https:\/\/bodhisattva-training.de\/WordPress\/wp-json\/wp\/v2\/users\/2"}],"replies":[{"embeddable":true,"href":"https:\/\/bodhisattva-training.de\/WordPress\/wp-json\/wp\/v2\/comments?post=369"}],"version-history":[{"count":310,"href":"https:\/\/bodhisattva-training.de\/WordPress\/wp-json\/wp\/v2\/pages\/369\/revisions"}],"predecessor-version":[{"id":5958,"href":"https:\/\/bodhisattva-training.de\/WordPress\/wp-json\/wp\/v2\/pages\/369\/revisions\/5958"}],"wp:featuredmedia":[{"embeddable":true,"href":"https:\/\/bodhisattva-training.de\/WordPress\/wp-json\/wp\/v2\/media\/1576"}],"wp:attachment":[{"href":"https:\/\/bodhisattva-training.de\/WordPress\/wp-json\/wp\/v2\/media?parent=369"}],"curies":[{"name":"wp","href":"https:\/\/api.w.org\/{rel}","templated":true}]}}